
Let w = 1260 + 423. What is the tens digit of w?
8
Let w(d) be the second derivative of d**5/20 - d**4/6 - d**3 + 5*d**2/2 + 40*d. What is the tens digit of w(4)?
1
Suppose -3 = -10*g + 37. Suppose 4*a - 15 = -2*z + 1, 0 = -g*z - 2*a + 2. What is the units digit of ((-20)/z)/((-9)/(-9))?
0
Let w(h) = -90*h**3 - 2*h**2 - h. Let n be w(-2). Let s = -374 + n. What is the tens digit of s?
4
Let d be (24/18)/(-3*12/(-81)). Suppose -n - 5*s = -353, -2*n = 4*s - d*s - 706. What is the units digit of n?
3
Let y = -240 - -677. What is the tens digit of 3/((-9)/21) + y?
3
Let d = 1676 - 978. Suppose 54*f - 56*f = -d. Suppose 2*v - 2*u = 154, 5*v + 6*u - 2*u - f = 0. What is the units digit of v?
3
Let l(j) = 13 + 4*j**2 - 9 - 8 - 2*j - 3*j**2. Let m be l(4). Suppose 3*b = -2*h + 1, -4*b + 2 + 10 = m*h. What is the units digit of h?
8
Suppose p - 4*a + 16 = 0, -2*p - a + 15 = 2. Suppose -p*s - 75 = -5*z + 22, -5*z - 29 = 3*s. Let m = s - -68. What is the units digit of m?
0
Let p = -17590 + 29938. What is the tens digit of p?
4
Let n be (7 - 45)*(-336)/3. Suppose 25*o - n = 11*o. What is the tens digit of o?
0
Let n = 22 + -19. Let p(d) = d**2 - d + 5. Let z be p(n). What is the units digit of 911/z + 10/55?
3
Let v be 1*(-2)/8 + (-105)/12. What is the hundreds digit of v/(-2)*8/12*181?
5
Suppose 0 = j - 2*j - f + 5568, -2*j + 11136 = -2*f. What is the units digit of j?
8
Suppose 4*j = -4*k + 22404, -99*k - 5*j + 5613 = -98*k. What is the tens digit of k?
9
Suppose 49*a - 12678 - 3688 = 0. Let c be 60*(-2 + (-1 - 0)). Let h = c + a. What is the units digit of h?
4
Let z = 58039 + -17737. What is the ten thousands digit of z?
4
Let g = 7835 + -8001. Let d = -57 + -34. Let z = d - g. What is the tens digit of z?
7
Let w = -66 - 47. Let c be ((-4)/(-2) - 0) + 3 + w. Let q = -86 - c. What is the tens digit of q?
2
Let m(u) = -u**3 + u**2 + 9*u + 11. Let w be m(-2). Suppose -20 = -w*s, s = -7*y + 3*y + 4672. What is the units digit of y?
7
Suppose 747419 + 208536 = 163*l + 93848. What is the hundreds digit of l?
2
Suppose -5*t = -2*t - 255. Let l be 3452/(-20) + (-72)/(-120). What is the units digit of (24/(-30))/(l/t + 2)?
4
Let c(m) = 2*m**2 + 27*m - 19. Let l be c(-14). What is the units digit of l*12/(-270) - (-2262)/27?
4
Suppose 32*t + 4*n + 2772 = 34*t, -2744 = -2*t + 8*n. What is the units digit of t?
0
Let h be (-11 + (-2 - -7) - -5)/(-1)*0. Let q be 110/8*(-19 + -1). What is the units digit of h - (-1)/((-5)/q)?
5
Let l(v) = 2*v**2 + 2*v - 13. Let n = 22 - 16. Suppose p + n = -1. What is the units digit of l(p)?
1
Let t(w) = 128*w**2 + 31*w - 99. What is the units digit of t(8)?
1
Let z(m) = m - 15. Let l be z(-5). Let f(b) = b + 8. Let c be f(l). Let i = -10 - c. What is the units digit of i?
2
Let g = -9 + 27. Let u = 9 - g. Let x = 145 - u. What is the units digit of x?
4
Let j(z) be the third derivative of 23*z**6/12 - z**5/30 - z**4/24 + z**3/6 - 51*z**2. What is the thousands digit of j(2)?
1
Let d(f) = -754 - 223*f + 412 + 389. What is the hundreds digit of d(-3)?
7
Let h(w) = 3*w**3 - 42*w**2 - 12*w + 102. What is the hundreds digit of h(21)?
1
Let o be (-16)/6*(-111)/2. Let n = 384 - o. What is the tens digit of n?
3
Let l be (521/(-7) - (-30)/70) + 2. Let y = 78 - l. Suppose 3*u - 2*k = 138 + 397, -u + y = 5*k. What is the tens digit of u?
7
What is the ten thousands digit of 84/6 - (-18697 + -24)?
1
Let k = -9902 - -6922. What is the units digit of k/15*(-6)/4?
8
What is the thousands digit of (-61)/(-1891) - 1256243/(-31)?
0
Suppose -2*b - 36 = -38. Let m(n) = 60*n**2 + 5*n - 4. What is the tens digit of m(b)?
6
Suppose 4*r + 5*i - 11 = 0, 7 = 2*r + 2*i + 3. Let p be (-13)/4*r + (-3)/12. Let z(y) = 36*y - 9. What is the units digit of z(p)?
9
Suppose -125 = -5*r + 2*j, 3*j = 4*r - 30 - 70. Let z = r + -22. Suppose 86 + 25 = z*g. What is the units digit of g?
7
Let a(z) = -53*z + 9 - 53 + 16*z. Suppose -247*j = -107*j + 673 - 113. What is the tens digit of a(j)?
0
Suppose 2*m + 3*w = 10156, -38*m - 10142 = -40*m + 4*w. What is the tens digit of m?
7
Let t(f) = -f**2 + 8*f. Let h = -53 - -58. Let p be t(h). Let o = 48 - p. What is the tens digit of o?
3
Let n be ((-20)/15)/((-4)/12). Suppose 1112 = 3*h + n*t, 3*h - 22*t = -23*t + 1097. What is the hundreds digit of h?
3
What is the hundreds digit of ((-244383)/58)/(9/(-48)) - 11?
4
Suppose 0 = 2*m - 2 - 6, -82536 = -6*v - 3*m. What is the thousands digit of v?
3
What is the units digit of 165960/864 + (-3)/36?
2
Suppose -7256 = 21*m - 23*m. What is the hundreds digit of m?
6
Let u(t) = -1935*t - 607. What is the units digit of u(-9)?
8
Let y(a) = -a**3 + 13*a**2 - 23*a + 13. Let i be y(11). Suppose -q + 14 = i*w, -2*w - 2*q = 3*q - 30. Suppose 795 = 10*g - w*g. What is the tens digit of g?
5
Let r(g) = 119*g**2 + 1. Let n be r(-1). Let w be -44 - ((-42)/147 - 10/(-35)). Let t = n + w. What is the tens digit of t?
7
Suppose -371 = 85*a - 78*a. What is the hundreds digit of -2 - 0 - -686 - 0/a?
6
Suppose -3*u + 24890 = -0*u - 34933. What is the thousands digit of u?
9
Let l(z) = -z**2 - 5*z + 0*z**2 - 10*z - 12. Let x be l(-14). Suppose x*i = -2*a + 3*a - 282, -3*a - 4*i + 806 = 0. What is the tens digit of a?
7
Suppose 0 = 3*r - 57330 + 26883 - 37761. What is the hundreds digit of r?
7
Let u(v) = v**3 + 41*v**2 + 28*v - 395. What is the hundreds digit of u(-38)?
8
Let d = -28836 - -53403. What is the ten thousands digit of d?
2
Suppose 4*l - 3*n + n - 126 = 0, -5*n - 160 = -5*l. Suppose -436 - 1021 = -l*p. What is the tens digit of p?
4
Suppose -12*x + 193471 + 469976 - 131259 = 0. What is the ten thousands digit of x?
4
Let a(z) = 12 + 36*z - 9*z + 16*z - 18*z. What is the units digit of a(8)?
2
Suppose -11*j = -6*j - 875. Suppose 3*u - 819 = -2*a - 3*a, a - j = 5*u. Suppose -a = -2*l + l. What is the hundreds digit of l?
1
What is the hundreds digit of 7*((-3)/(-7))/((-117)/(-793299))?
3
Let w(t) = 72*t**2 + 2*t - 3. Let c be w(1). Let b = c - -98. What is the hundreds digit of b?
1
Let z = 1654 - 330. Suppose z = 3*l - 281. What is the hundreds digit of l?
5
Let j(r) = -r**2 - 10*r + 134. Let v be j(10). What is the units digit of v/(1/(-9 - -3))?
6
Suppose 34*j = 1131 - 451. Suppose -j*o + 1144 + 656 = 0. What is the units digit of o?
0
Suppose -27*z - 7 = -88. Suppose w + 3 = 0, 3*f - 760 = z*w + 20. What is the units digit of f?
7
Let k = 494 + -489. Let a(v) = 13*v**2 - 6*v + 35. What is the units digit of a(k)?
0
Let m = -33031 + 73457. What is the thousands digit of m?
0
Let y = 7791 - 7023. What is the hundreds digit of y?
7
Let d(x) = 29224*x**2 - 8*x - 5. What is the tens digit of d(-1)?
2
Let m be ((-1)/(1/5))/((-30)/36). What is the tens digit of 4 + m + -6 - -606?
1
Let d be 1/(6/(-12))*2. Suppose -4*b = 52 + 28. What is the units digit of (0 + -5)*(d + 8/b)?
2
Suppose -p = -4*s + 19632, 0*s - 2*p = 2*s - 9816. What is the tens digit of s?
0
Suppose g + 4134 = 5*l, -366 + 3684 = 4*l + g. What is the hundreds digit of l?
8
Suppose 1091 = s + 35. Suppose 0 = 11*j - 3*j - s. Suppose -14*u + j = -8*u. What is the units digit of u?
2
Let i = 19367 + -12398. What is the hundreds digit of i?
9
Suppose l = -2*s + 8322, -s + 2*s + 3*l - 4151 = 0. What is the units digit of s?
3
Let f = -2876 + 12418. What is the thousands digit of f?
9
Suppose 4*i - 3 = 3*i. Suppose -12 = 4*g + 3*a - 204, -i*a - 33 = -g. Suppose -5*x + 390 = 2*s, 15 = x + 4*s - g. What is the tens digit of x?
8
What is the hundreds digit of -12 + 67 + 49008 + ((-1)/(-1) - 9)?
0
Let l(n) = -19653*n - 23. Let z be l(1). What is the units digit of (-30)/(-105) - (z/28 - 0)?
3
Let k(j) = 123*j**2 + 2*j - 7. Let h be k(2). Let g = h - 255. Suppose -5*w + 301 + g = 0. What is the hundreds digit of w?
1
Let l(c) = c + 6. Let u be l(-5). Let w(d) = d**2 - 6*d. Let n(h) = 32*h**2 + 25*h - 1. Let z(o) = n(o) + 4*w(o). What is the units digit of z(u)?
6
Suppose 0 = -23*a + 24*a - 10. What is the units digit of 8/(120/9)*a?
6
Suppose 3*z + 24738 = 3*h, 0 = -5*h + 128*z - 131*z + 41246. What is the tens digit of h?
4
Let q(k) = -8*k**3 - 2*k**2 - 5*k - 13. Suppose 6 = -19*o + 16*o. What is the units digit of q(o)?
3
Let b = 173 - 187. What is the tens digit of ((-4)/b)/1 - 11820/(-35)?
3
What is the tens digit of (-4 + 11)*1